40?
-37
(-1 + 95 + 5 - -19) + 3 + 6
127
Evaluate 25 + (0 + 0 - 6) - (-813 - -929).
-97
What is -81 - (-192 - -114) - ((35 - (-3 + 1)) + -2)?
-38
What is 5 - 30 - ((-26 - -10) + 2)?
-11
Calculate (4449 - 4383) + -12 + -1.
53
Calculate -5 + 6 + 61 - (97 - 77).
42
Calculate (161 + -169 - (-77 + -2)) + (-15 - -3).
59
What is (-6 - (4 + -66)) + (-21 - (5 - 9))?
39
Calculate -37 + 24 + (52 - 40).
-1
11 - ((2 - 10) + (11 - 8) + -4)
20
Evaluate 163 + (40 - (69 + 14)).
120
What is the value of -15 - (-5 - -10 - -2) - -73?
51
4 + (-3 - (-125 - -5)) + -33 + 30
118
Calculate -24 + (-42 - (-25 - -17) - -23).
-35
(217 + -174 - 51) + 1 + 2 + -1 + -8
-14
(0 - (11 - 1)) + (28 + -36 - -5 - -41)
28
(20 - (30 - 18 - -2)) + -4
2
-3 + (-3 - 1) + 58 + 22 + -30
43
Evaluate -102 - (120 - 126) - -211.
115
Calculate 104 - (-39 + -88 + 189).
42
18 + (-105 - 0) + -5 - -25
-67
What is 89 + -59 + -42 - (-1 - 41)?
30
Calculate (-39 - -1) + (-9221 - -9189).
-70
Calculate (0 - (33 + -15 + -9)) + -3 + -2.
-14
Calculate (-19 - (39 - -6)) + (9 - -7).
-48
Calculate 31 - (6 + 47) - -18 - (-2 - -9).
-11
Calculate 38 - (4 - -13) - -64 - (9 + (-9 - -4)).
81
Calculate 3 + (-13 + 0 - -3) - (-821 - -825).
-11
What is the value of (-10 - -12 - (12 + -4)) + 52 + (-1 - -7)?
52
Calculate -57 + -22 + -39 + 113.
-5
What is the value of 121 - (2 - (2 + 6) - 12 - -22)?
117
-27 + -8 + (-3 + 0 - (-14 - (-12 - -5)))
-31
24 - 48 - -24 - 0 - 121
-121
Evaluate 3 + -146 + (110 + -102 - -4).
-131
What is the value of (-74 - -35) + 13 + -9 + (4 - -4)?
-27
Calculate -2 + 53 + -369 + 377.
59
Calculate -1 + -14 + 88 + -29.
44
Evaluate ((-1 - -1) + -3 - -2) + (21 - (23 - -15)).
-18
What is the value of 21 + -61 + (11 - -48)?
19
What is the value of -63 + -22 + (0 - ((-20 - 3) + 5))?
-67
What is 0 - (20 + 1 + 64 + -121 + 42)?
-6
Evaluate -76 + 41 - (-6 - 31).
2
44 + (-20 - 21) + 31
34
Calculate 8 + -26 + 35 + 24 - (-1 - -2).
40
50 + -14 + -48 + 0 + 5
-7
What is -73 + 16 + 50 + 11?
4
What is -30 + -26 + 50 + 36 + 9?
39
What is the value of 85 + (101 - 174) + 44 + 0 + (0 - 1)?
55
What is 78 + -43 + -33 + 32?
34
Calculate 34 + -34 + 8 + 1 + 8 + -1.
16
What is the value of (-13 + 10 - (11 - -6)) + 24?
4
-37 - (4 + 36 + -66)
-11
What is 0 + -3 + -10 + 3 + 26 + -1 + -43?
-28
What is -9 + (8 - 16 - ((56 - 55) + (0 - 71)))?
53
What is the value of (-106 - -1) + (877 - 857)?
-85
What is 97 - 131 - -37 - (-55 + -1)?
59
What is the value of -25 + 6 + 16 + 2 + 7 + -27?
-21
87 + (3 - 45 - -62)
107
What is the value of (-36 - -6) + 7 + 282 + -241?
18
Evaluate 3 + -3 + -64 - (6501 + -6463).
-102
Evaluate 15 + (19 - -23) + -73.
-16
-24 - (110 + -127 - 137)
130
What is 7 + (-32 + 0 - (-16 + (17 - (3 - 7))))?
-30
Calculate 298 - 270 - (12 + 2) - (-25 + -5).
44
Evaluate 7 + 2 - (4 + -4 - (-5 + 17) - -76).
-55
What is the value of (66 - 2) + (-88 - (73 + -195))?
98
Evaluate 2 - (-59 - -62 - (4 + 2)) - -63.
68
0 + -7 - (-87 - -89) - 7 - -123
107
What is the value of 12 + -18 + -3 - (35 + -25) - -56?
37
(2 - 60 - -60) + (3 + -1 - -12)
16
What is the value of -1 + 23 + (-48 - -5) + (107 - 44)?
42
What is the value of (68 - -9) + (-13 - 11 - -19)?
72
What is the value of 30 + (37 + -61 - 6) - (-1 + 5 - -1)?
-5
Evaluate 86 + -38 + 0 + -9 + -7.
32
Evaluate 106 + (60 - 150) - (-19 + -1).
36
What is 160 + (155 - 85) + -162?
68
12 - ((-2 - -42) + (87 - 106))
-9
Evaluate (10 - (-13 + -8)) + (-16 - (3 - 7)).
19
Evaluate 847 + -979 - ((-3 - (0 - 0) - 10) + 3).
-122
Calculate -32 + 12 - -26 - -33 - ((1 - -8) + 0).
30
(25 - (-7 + 1 - -14)) + -19
-2
What is -4 + (23 - (-45 + 21) - 16)?
27
What is (-7 - -13 - 8) + (-7 - (-15 + 1)) - -63?
68
What is 1 - -11 - (14 + -35 - (-18 - -18))?
33
What is -30 - (21 - ((-25 - -133) + 1))?
58
What is the value of (1 - -70) + (353 - 410)?
14
Calculate 271 - 352 - (-11 + 27 - (11 + -2)).
-88
Evaluate (1 + -1 + 4 - -5) + (119 - 85).
43
What is the value of 49 - (32 - 33) - 82?
-32
2 - -4 - -15 - (17 + -1 - (-304 + 316))
17
What is 1 - -13 - (23 + -9) - (-15 - 4)?
19
Evaluate -41 - (-47 + (-24 - -66)).
-36
What is the value of -35 - -9 - (6 + -10)?
-22
What is (-1 - -16 - (-9 + 50)) + 18?
-8
Evaluate -122 + 28 + 3 + 34.
-57
What is (1 + -117 - -2) + -21 + (28 - (48 - 48))?
-107
28 + -38 + (-19 - -2 - -26 - (0 + -64))
63
-7 + -4 + 3 + -10 + (-1 - -6) + 74
61
Evaluate (4 - 57) + 5 - -75.
27
Evaluate (16 - (18 + (12 - 15))) + -8.
-7
Calculate (-19 - (-9 - 26)) + 40 + -7 + -1.
48
What is the value of -12 + -1 + -16 + 17 - (-20 + -2)?
10
Evaluate -8 + 9 - 29 - ((11 - 8) + (1 - 2)).
-30
Evaluate 514 - 429 - ((-8 - -8) + 5).
80
What is the value of (-1 + 17 - (-32 + 47)) + -15 + (18 - 5)?
-1
Calculate (10 - (-6 + (8 - 5 - -1))) + (271 - 325).
-42
Calculate -9 - -3 - (-29 - 26) - 19.
30
Evaluate -127 + (0 + -5 - (-36 + 0 - (1218 + -1235))).
-113
What is -15 + (-8 - -1) + (-1 - -2) + (3114 - 3115)?
-22
What is 6 + (15 - -52 - 35)?
38
What is 57 + (-143 + -36 - -110)?
-12
What is 2 + 111 - (202 - 144)?
55
What is (-279 - -73) + 88 + 0?
-118
What is the value of 2 + (-28 - (1 - 12 - (-39 + (-1 - -32))))?
-23
What is 6 - (30 + (-2 - 9)) - (-13 - (21 - -103))?
124
What is the value of (685 - 884) + (104 - -2)?
-93
What is 1 + 17 + -21 + (10 - 10) + 16 + -3?
10
What is 2 + 9 - (21 + -22 + (-7 - -2))?
17
Calculate (693 - 635) + -1 + -23.
34
Calculate -94 + (-3 - -21 - -74).
-2
(-1 + 6 - 2) + -32 + 34 + -109 + 38
-66
What is the value of -1 - (7 + -2 + (6 - (-1 + 6)) + -9)?
2
-10 - -4 - (-15 - (27 - 55) - 68)
49
(20 - -24) + -65 + 6
-15
Evaluate (32 - 15) + -24 + 29 + -7 - -45.
60
What is -12 + (-10 - (-16 - (15 - 9))) + 43?
43
Calculate 3 + (0 - 1) - ((-28 - -61) + -11).
-20
Calculate (-83 - -28 - -2) + 35.
-18
Evaluate 0 + 100 + -67 + 132 + -79.
86
What is the value of 38 - (115 + -44 - 18) - (-2 - -4 - 122)?
105
Calculate -1 + -22 + -8 + 64 + -39.
-6
What is the value of -1898 - -1872 - (-15 + 0 + 1)?
-12
Evaluate (-83 - -6 - -29) + 7 - -19.
-22
What is the value of (-3 - 0) + (55 - 0 - (-2775 + 2759))?
68
Calculate -13 + 14 + (-11 - -6) + -3 + -1 - 78.
-86
Evaluate (783 - 816 - (-2 - (-1 - -14))) + -19.
-37
21 + -71 + 45 + (-1 - -12) + -6 + -51
-51
What is the value of (-20 - (49 - 55)) + 12 + 1 - 18?
-19
What is the value of -2 + 0 - (-39 + 19 - -7) - 13?
-2
What is 274 - 282 - ((17 + 2 - 1) + -74 + 67)?
-19
Evaluate -31 + (72 - 136 - -35).
-60
What is the value of (-25 - -48 - 16 - (18 + 0)) + (32 - 45)?
-24
Calculate (174 - 47 - 186) + 16.
-43
What is the value of -42 + (-5 - (-6 + (-6 + -6 - -8) + 5))?
-42
-11 + 29 + -19 + -18 + 9 + 0 + 21
11
What is 23 - 16 - (46 + -4 + (0 - -2 - 0))?
-37
(0 - -5) + (-17 - (2 - -15)) + 19 - -12
2
Evaluate (-5 + 6 + -13 - -2) + (606 - 616).
-20
Calculate 35 - (-2236 + 2162 - (1 - 18)).
92
Calculate -42 + (-10 - (52 + -97)).
-7
Evaluate -7 + 12 + (0 - (-8 + -17 + 3)).
27
What is the value of 4 + -2 + -6 + (6 + -25 + 8 - -106)?
91
Calculate -171 - (-365 - -141) - (-2 + 2 - -4).
49
Calculate 7 + -6 - (0 + -23 - -11 - -32).
-19
Calculate 24 - (14 + (-3 - -3) + (-32 - -3 - -23)).
16
What is 11 - ((2 - -2) + (8 - 13) - (56 - 57))?
11
What is 48 - ((22 - (50 + -30)) + 6 + 0 + -6)?
46
Calculate -10 - 76 - (-8 + 42 + -54).
-66
What is the value of (-173 + 184 - (-5 - (0 + -3))) + 4?
17
What is (-32 - -23) + (-10 - -5 - (-4 + (26 - -1)))?
-37
What is the value of 47 - (63 + -90 - -53)?
21
What is the value of 22 - (-42 - (-13 + (19 - 2)))?
68
Evaluate -48 + (81 - 227) + 248.
54
Calculate 0 + 57 + -655 + 623.
25
What is the value of 62 + -62 + (8 - -6) + 25 + -1?
38
What is the value of (4 - 1) + 3 + (74 - 40) + -1 + 34?
73
What is the value of (28 + -21 - (11 - -1)) + 8 - 16?
-13
Evaluate 37 + (-2 - (2 - (-17 - -15))) + -6.
25
-17 + -2 + 19 + 13 + (-1 + 13 - 30)
-5
6 + (19 - 22 - -11) + 6
20
Calculate 0 + 60 + 5 + 19 + (-38 - (-1 + -21)).
68
208 + -3 - 282 - (-30 + 0)
-47
Evaluate -133 - (-135 - 11 - -35).
-22
-35 + (59 - -4 - 21) + 93
100
Evaluate 77 + 3 + (-67 - (-53 + -13)) + -11 + -1.
67
-66 + 2 + -25 - ((0 - -6) + -1 + -12)
-82
Evaluate 81 - (73 + (-55 - -32)).
31
7 - 2 - 15 - (85 + -10 + 8)
-93
Calculate 634 + -576 - (71 - 0).
-13
Evaluate -26 - (1 + 32 - (-594 - -630)).
-23
Evaluate -25 + 9 + (16 - -1) + -41.
-40
3 + -4 + (-3 - (0 + 7)) + 4
-7
Evaluate -196 - -86 - -112 - (-1 + (0 - 